{"id":2167,"date":"2024-01-02T08:36:30","date_gmt":"2024-01-02T07:36:30","guid":{"rendered":"https:\/\/novy.vuvisnove.cz\/?page_id=2167"},"modified":"2026-03-09T07:49:18","modified_gmt":"2026-03-09T06:49:18","slug":"kontakt","status":"publish","type":"page","link":"https:\/\/www.vuvisnove.cz\/?page_id=2167","title":{"rendered":"Kontakt"},"content":{"rendered":"\n<p><\/p>\n\n\n\n<p><\/p>\n\n\n\n<p class=\"has-large-font-size\"><strong>N\u00e1zev \u0161kolsk\u00e9ho za\u0159\u00edzen\u00ed<\/strong>: V\u00fdchovn\u00fd \u00fastav, st\u0159edn\u00ed \u0161kola a \u0161koln\u00ed j\u00eddelna Vi\u0161\u0148ov\u00e9, Z\u00e1mek 1<\/p>\n\n\n\n<p class=\"has-large-font-size\"><strong>Adresa<\/strong>: Vi\u0161\u0148ov\u00e9 1, 671 38<br><strong>I\u010cO<\/strong>: 49 438 921<br><strong>Z\u0159izovatel<\/strong>: Ministerstvo \u0161kolstv\u00ed, ml\u00e1de\u017ee a t\u011blov\u00fdchovy,&nbsp;Karmelitsk\u00e1 7, Praha 1 \u2013 Mal\u00e1 Strana, 118 12<\/p>\n\n\n\n<p class=\"has-large-font-size\"><strong>\u0158editel<\/strong>: Mgr. Vladim\u00edr Korek<\/p>\n\n\n\n<p class=\"has-large-font-size\"><strong>Bankovn\u00ed spojen\u00ed:<\/strong> &nbsp; \u010cNB \u010d.\u00fa.:&nbsp;35638741\/0710<\/p>\n\n\n\n<p class=\"has-large-font-size\"><strong>Datov\u00e1 schr\u00e1nka <\/strong>: crbjrkk<\/p>\n\n\n\n<p class=\"has-large-font-size\"><strong>e-mail:<\/strong>&nbsp;&nbsp;info@vuvisnove.cz<\/p>\n\n\n\n<p class=\"has-large-font-size\"><strong>e-mail pro vy\u0159izov\u00e1n\u00ed st\u00ed\u017enost\u00ed:<\/strong> stiznosti@vuvisnove.cz<\/p>\n\n\n\n<div class=\"wp-block-stackable-divider stk-block-divider has-text-align-center stk-block stk-15dd14c\" data-block-id=\"15dd14c\"><style>.stk-15dd14c hr.stk-block-divider__hr{height:8px !important;width:100% !important}<\/style><hr class=\"stk-block-divider__hr\"\/><\/div>\n\n\n\n<p><\/p>\n\n\n\n<div class=\"wp-block-stackable-columns stk-block-columns stk-block stk-8c6d484\" data-block-id=\"8c6d484\"><div class=\"stk-row stk-inner-blocks stk-block-content stk-content-align stk-8c6d484-column\">\n<div class=\"wp-block-stackable-column stk-block-column stk-column stk-block stk-8f31862\" data-v=\"4\" data-block-id=\"8f31862\"><div class=\"stk-column-wrapper stk-block-column__content stk-container stk-8f31862-container stk--no-background stk--no-padding\"><div class=\"stk-block-content stk-inner-blocks stk-8f31862-inner-blocks\">\n<p class=\"has-palette-color-5-background-color has-background has-medium-font-size\"><strong><span style=\"color: #0693e3;\" class=\"stk-highlight\">Vedouc\u00ed vychovatel<\/span><\/strong><\/p>\n\n\n\n<p class=\"has-medium-font-size\">Bc. Ji\u0159\u00ed Cakl<\/p>\n\n\n\n<p class=\"has-medium-font-size\">tel.: 602 654 488<\/p>\n\n\n\n<p class=\"has-medium-font-size\">e-mail: j.cakl@vuvisnove.cz<\/p>\n<\/div><\/div><\/div>\n\n\n\n<div class=\"wp-block-stackable-column stk-block-column stk-column stk-block stk-72c012e\" data-v=\"4\" data-block-id=\"72c012e\"><div class=\"stk-column-wrapper stk-block-column__content stk-container stk-72c012e-container stk--no-background stk--no-padding\"><div class=\"stk-block-content stk-inner-blocks stk-72c012e-inner-blocks\">\n<p class=\"has-palette-color-5-background-color has-background has-medium-font-size\"><strong><span style=\"color: #0693e3;\" class=\"stk-highlight\">Z\u00e1stupce \u0159editele\/vedouc\u00ed u\u010ditel<\/span><\/strong><\/p>\n\n\n\n<p class=\"has-medium-font-size\">Mgr. Vladim\u00edr Hejlek<\/p>\n\n\n\n<p class=\"has-medium-font-size\">tel.: &nbsp;607 023 508<\/p>\n\n\n\n<p class=\"has-medium-font-size\">e-mail: v.hejlek@vuvisnove.cz<\/p>\n<\/div><\/div><\/div>\n\n\n\n<div class=\"wp-block-stackable-column stk-block-column stk-column stk-block stk-d84c5fd\" data-v=\"4\" data-block-id=\"d84c5fd\"><div class=\"stk-column-wrapper stk-block-column__content stk-container stk-d84c5fd-container stk--no-background stk--no-padding\"><div class=\"stk-block-content stk-inner-blocks stk-d84c5fd-inner-blocks\">\n<p class=\"has-palette-color-5-background-color has-background has-medium-font-size\"><strong><span style=\"color: #0693e3;\" class=\"stk-highlight\">\u0158editel &#8211; statut\u00e1rn\u00ed org\u00e1n<\/span><\/strong><\/p>\n\n\n\n<p class=\"has-medium-font-size\">Mgr. Vladim\u00edr Korek<\/p>\n\n\n\n<p class=\"has-medium-font-size\">tel.: 702 012 064<\/p>\n\n\n\n<p class=\"has-medium-font-size\">e-mail: vladimir.korek@vuvisnove.cz<\/p>\n<\/div><\/div><\/div>\n<\/div><\/div>\n\n\n\n<div class=\"wp-block-group is-layout-constrained wp-block-group-is-layout-constrained\"><\/div>\n\n\n\n<div class=\"wp-block-stackable-columns stk-block-columns stk-block stk-f01718a\" data-block-id=\"f01718a\"><div class=\"stk-row stk-inner-blocks stk-block-content stk-content-align stk-f01718a-column\">\n<div class=\"wp-block-stackable-column stk-block-column stk-column stk-block stk-c290000\" data-v=\"4\" data-block-id=\"c290000\"><div class=\"stk-column-wrapper stk-block-column__content stk-container stk-c290000-container stk--no-background stk--no-padding\"><div class=\"stk-block-content stk-inner-blocks stk-c290000-inner-blocks\">\n<p class=\"has-palette-color-6-background-color has-background has-medium-font-size\"><strong><span style=\"color: #0693e3;\" class=\"stk-highlight\">Etoped\/speci\u00e1ln\u00ed pedagog<\/span><\/strong><\/p>\n\n\n\n<p class=\"has-medium-font-size\">Mgr. Kl\u00e1ra Ot\u0159\u00edsalov\u00e1<\/p>\n\n\n\n<p class=\"has-medium-font-size\">tel.: 730 874 790<\/p>\n\n\n\n<p class=\"has-medium-font-size\">e-mail: k.otrisalova@vuvisnove.cz<\/p>\n<\/div><\/div><\/div>\n\n\n\n<div class=\"wp-block-stackable-column stk-block-column stk-column stk-block stk-9827ae8\" data-v=\"4\" data-block-id=\"9827ae8\"><div class=\"stk-column-wrapper stk-block-column__content stk-container stk-9827ae8-container stk--no-background stk--no-padding\"><div class=\"stk-block-content stk-inner-blocks stk-9827ae8-inner-blocks\">\n<p class=\"has-palette-color-6-background-color has-background has-medium-font-size\"><strong><span style=\"color: #0693e3;\" class=\"stk-highlight\">Etoped\/speci\u00e1ln\u00ed pedagog<\/span><\/strong><\/p>\n\n\n\n<p class=\"has-medium-font-size\">Mgr. Ingrid Hazuchov\u00e1<\/p>\n\n\n\n<p class=\"has-medium-font-size\">tel.: 730 875 581<\/p>\n\n\n\n<p class=\"has-medium-font-size\">e-mail: i.hazuchova@vuvisnove.cz<\/p>\n<\/div><\/div><\/div>\n\n\n\n<div class=\"wp-block-stackable-column stk-block-column stk-column stk-block stk-d7038a4\" data-v=\"4\" data-block-id=\"d7038a4\"><div class=\"stk-column-wrapper stk-block-column__content stk-container stk-d7038a4-container stk--no-background stk--no-padding\"><div class=\"stk-block-content stk-inner-blocks stk-d7038a4-inner-blocks\">\n<p class=\"has-palette-color-6-background-color has-background has-medium-font-size\"><strong><span style=\"color: #0693e3;\" class=\"stk-highlight\">Psycholog<\/span><\/strong><\/p>\n\n\n\n<p class=\"has-medium-font-size\"><\/p>\n\n\n\n<p class=\"has-medium-font-size\">tel.: <\/p>\n\n\n\n<p class=\"has-medium-font-size\">e-mail: <\/p>\n<\/div><\/div><\/div>\n<\/div><\/div>\n\n\n\n<div class=\"wp-block-stackable-columns stk-block-columns stk-block stk-a24b26c\" data-block-id=\"a24b26c\"><div class=\"stk-row stk-inner-blocks stk-block-content stk-content-align stk-a24b26c-column\">\n<div class=\"wp-block-stackable-column stk-block-column stk-column stk-block stk-5e41c8e\" data-v=\"4\" data-block-id=\"5e41c8e\"><style>@media screen and (min-width:768px){.stk-5e41c8e{flex:1 1 calc(33.33% - var(--stk-column-gap,0px) * 2 \/ 3 ) !important}}<\/style><div class=\"stk-column-wrapper stk-block-column__content stk-container stk-5e41c8e-container stk--no-background stk--no-padding\"><div class=\"stk-block-content stk-inner-blocks stk-5e41c8e-inner-blocks\">\n<p class=\"has-palette-color-6-background-color has-background has-medium-font-size\"><strong><span style=\"color: #0693e3;\" class=\"stk-highlight\">Pracovn\u00edk v soc. slu\u017eb\u00e1ch \u2013 d\u00edvky<\/span><\/strong><\/p>\n\n\n\n<p class=\"has-medium-font-size\">Iveta Ad\u00e1mkov\u00e1<\/p>\n\n\n\n<p class=\"has-medium-font-size\"> tel.: 730 874 797<\/p>\n\n\n\n<p class=\"has-medium-font-size\">e-mail: i.adamkova@vuvisnove.cz<\/p>\n<\/div><\/div><\/div>\n\n\n\n<div class=\"wp-block-stackable-column stk-block-column stk-column stk-block stk-7ae28a0\" data-v=\"4\" data-block-id=\"7ae28a0\"><style>@media screen and (min-width:768px){.stk-7ae28a0{flex:1 1 calc(33.33% - var(--stk-column-gap,0px) * 2 \/ 3 ) !important}}<\/style><div class=\"stk-column-wrapper stk-block-column__content stk-container stk-7ae28a0-container stk--no-background stk--no-padding\"><div class=\"stk-block-content stk-inner-blocks stk-7ae28a0-inner-blocks\">\n<p class=\"has-palette-color-6-background-color has-background has-medium-font-size\"><strong><span style=\"color: #0693e3;\" class=\"stk-highlight\">Pracovn\u00edk v soc. slu\u017eb\u00e1ch \u2013 chlapci<\/span><\/strong><\/p>\n\n\n\n<p class=\"has-medium-font-size\">Miroslava Ma\u0161ov\u00e1<\/p>\n\n\n\n<p class=\"has-medium-font-size\">tel.: 730 874 798 &nbsp;+ (\u017e\u00e1dosti o dovolenky)<\/p>\n\n\n\n<p class=\"has-medium-font-size\">e-mail: m.masova@vuvisnove.cz<\/p>\n<\/div><\/div><\/div>\n\n\n\n<div class=\"wp-block-stackable-column stk-block-column stk-column stk-block stk-9ad769e\" data-v=\"4\" data-block-id=\"9ad769e\"><style>@media screen and (min-width:768px){.stk-9ad769e{flex:1 1 calc(33.33% - var(--stk-column-gap,0px) * 2 \/ 3 ) !important}}<\/style><div class=\"stk-column-wrapper stk-block-column__content stk-container stk-9ad769e-container stk--no-background stk--no-padding\"><div class=\"stk-block-content stk-inner-blocks stk-9ad769e-inner-blocks\">\n<p class=\"has-palette-color-6-background-color has-background has-medium-font-size\"><strong><span style=\"color: #0693e3;\" class=\"stk-highlight\">Vedouc\u00ed \u0161koln\u00ed j\u00eddelny<\/span><\/strong><\/p>\n\n\n\n<p class=\"has-medium-font-size\">Hana Ad\u00e1mkov\u00e1<\/p>\n\n\n\n<p class=\"has-medium-font-size\">tel.: 721095311<\/p>\n\n\n\n<p class=\"has-medium-font-size\">e-mail: hana.adamkova@vuvisnove.cz<\/p>\n<\/div><\/div><\/div>\n<\/div><\/div>\n\n\n\n<div class=\"wp-block-stackable-columns stk-block-columns stk-block stk-80fd7ac\" data-block-id=\"80fd7ac\"><div class=\"stk-row stk-inner-blocks stk-block-content stk-content-align stk-80fd7ac-column\">\n<div class=\"wp-block-stackable-column stk-block-column stk-column stk-block stk-622f044\" data-v=\"4\" data-block-id=\"622f044\"><div class=\"stk-column-wrapper stk-block-column__content stk-container stk-622f044-container stk--no-background stk--no-padding\"><div class=\"stk-block-content stk-inner-blocks stk-622f044-inner-blocks\">\n<p class=\"has-palette-color-6-background-color has-background has-medium-font-size\"><strong><span style=\"color: #0693e3;\" class=\"stk-highlight\">Referent majetkov\u00e9 spr\u00e1vy (objedn\u00e1vky)<\/span><\/strong><\/p>\n\n\n\n<p class=\"has-medium-font-size\">Hana Ad\u00e1mkov\u00e1<\/p>\n\n\n\n<p class=\"has-medium-font-size\">tel.: 602321554<\/p>\n\n\n\n<p class=\"has-medium-font-size\">e-mail: h.adamkova@vuvisnove.cz<\/p>\n<\/div><\/div><\/div>\n\n\n\n<div class=\"wp-block-stackable-column stk-block-column stk-column stk-block stk-6cd7c7c\" data-v=\"4\" data-block-id=\"6cd7c7c\"><div class=\"stk-column-wrapper stk-block-column__content stk-container stk-6cd7c7c-container stk--no-background stk--no-padding\"><div class=\"stk-block-content stk-inner-blocks stk-6cd7c7c-inner-blocks\">\n<p class=\"has-palette-color-6-background-color has-background has-medium-font-size\"><strong><span style=\"color: #0693e3;\" class=\"stk-highlight\">Pracovn\u00edk v soc. slu\u017eb\u00e1ch<\/span><\/strong><\/p>\n\n\n\n<p class=\"has-medium-font-size\">Petra Beranov\u00e1<\/p>\n\n\n\n<p class=\"has-medium-font-size\">tel.: 730 874 788<\/p>\n\n\n\n<p class=\"has-medium-font-size\">e-mail: p.beranova@vuvisnove.cz<\/p>\n<\/div><\/div><\/div>\n\n\n\n<div class=\"wp-block-stackable-column stk-block-column stk-column stk-block stk-d66a1f1\" data-v=\"4\" data-block-id=\"d66a1f1\"><div class=\"stk-column-wrapper stk-block-column__content stk-container stk-d66a1f1-container stk--no-background stk--no-padding\"><div class=\"stk-block-content stk-inner-blocks stk-d66a1f1-inner-blocks\">\n<p class=\"has-palette-color-6-background-color has-background has-medium-font-size\"><strong><span style=\"color: #0693e3;\" class=\"stk-highlight\">\u00da\u010detn\u00ed <\/span><\/strong><\/p>\n\n\n\n<p class=\"has-medium-font-size\">Ing. Jaroslava Dvo\u0159\u00e1kov\u00e1<\/p>\n\n\n\n<p class=\"has-medium-font-size\">tel.: 723 788 313<\/p>\n\n\n\n<p class=\"has-medium-font-size\">e-mail: j.dvorakova@vuvisnove.cz<\/p>\n<\/div><\/div><\/div>\n<\/div><\/div>\n\n\n\n<div class=\"wp-block-stackable-columns stk-block-columns stk-block stk-2f9859f\" data-block-id=\"2f9859f\"><div class=\"stk-row stk-inner-blocks stk-block-content stk-content-align stk-2f9859f-column\">\n<div class=\"wp-block-stackable-column stk-block-column stk-column stk-block stk-d0c4303\" data-v=\"4\" data-block-id=\"d0c4303\"><div class=\"stk-column-wrapper stk-block-column__content stk-container stk-d0c4303-container stk--no-background stk--no-padding\"><div class=\"stk-block-content stk-inner-blocks stk-d0c4303-inner-blocks\">\n<p class=\"has-palette-color-6-background-color has-background has-medium-font-size\"><strong><span style=\"color: #0693e3;\" class=\"stk-highlight\">Mzdov\u00e1 \u00fa\u010detn\u00ed<\/span><\/strong><\/p>\n\n\n\n<p class=\"has-medium-font-size\">Bc. Darina \u010c\u00ed\u017ekov\u00e1<\/p>\n\n\n\n<p class=\"has-medium-font-size\">tel.: 720 023 559<\/p>\n\n\n\n<p class=\"has-medium-font-size\">e-mail: d.cizkova@vuvisnove.cz<\/p>\n<\/div><\/div><\/div>\n\n\n\n<div class=\"wp-block-stackable-column stk-block-column stk-column stk-block stk-59cbbc5\" data-v=\"4\" data-block-id=\"59cbbc5\"><div class=\"stk-column-wrapper stk-block-column__content stk-container stk-59cbbc5-container stk--no-background stk--no-padding\"><div class=\"stk-block-content stk-inner-blocks stk-59cbbc5-inner-blocks\">\n<p class=\"has-palette-color-6-background-color has-background has-medium-font-size\"><strong><span style=\"color: #0693e3;\" class=\"stk-highlight\">Pov\u011b\u0159enec pro ochranu osobn\u00edch \u00fadaj\u016f:<\/span><\/strong><\/p>\n\n\n\n<p class=\"has-medium-font-size\">Mgr. Dagmar Sou\u010dkov\u00e1 Mikol\u00e1\u0161kov\u00e1<\/p>\n\n\n\n<p class=\"has-medium-font-size\">Ministerstvo \u0161kolstv\u00ed, ml\u00e1de\u017ee a t\u011blov\u00fdchovy<\/p>\n\n\n\n<p class=\"has-medium-font-size\">Karmelitsk\u00e1 5, 118 12 Praha 1<\/p>\n\n\n\n<p class=\"has-medium-font-size\">Tel.: +420 234 811 105  <\/p>\n\n\n\n<p class=\"has-medium-font-size\">mobil.tel.: 770 153 573<\/p>\n\n\n\n<p class=\"has-medium-font-size\">E-mail: posta@uoou.gov.cz<\/p>\n\n\n\n<p class=\"has-medium-font-size\">pop\u0159.: Dagmar.SouckovaMikolaskova@msmt.gov.cz<\/p>\n<\/div><\/div><\/div>\n\n\n\n<div class=\"wp-block-stackable-column stk-block-column stk-column stk-block stk-733444e\" data-v=\"4\" data-block-id=\"733444e\"><div class=\"stk-column-wrapper stk-block-column__content stk-container stk-733444e-container stk--no-background stk--no-padding\"><div class=\"stk-block-content stk-inner-blocks stk-733444e-inner-blocks\"><\/div><\/div><\/div>\n<\/div><\/div>\n\n\n\n<details class=\"wp-block-stackable-accordion stk-block-accordion stk-inner-blocks stk-block-content stk-block stk-d70aec9 is-style-default\" data-block-id=\"d70aec9\">\n<summary class=\"wp-block-stackable-column stk-block-column stk-column stk-block stk-5a49409 stk--container-small stk-block-accordion__heading\" data-v=\"4\" data-block-id=\"5a49409\"><div class=\"stk-column-wrapper stk-block-column__content stk-container stk-5a49409-container stk-hover-parent\"><div class=\"stk-block-content stk-inner-blocks stk-5a49409-inner-blocks\">\n<div class=\"wp-block-stackable-icon-label stk-block-icon-label stk-block stk-30b7b28\" data-block-id=\"30b7b28\"><div class=\"stk-row stk-inner-blocks stk-block-content\">\n<div class=\"wp-block-stackable-heading stk-block-heading stk-block-heading--v2 stk-block stk-190fbf8\" id=\"kontakty-na-skupiny-deti-a-sborovnu\" data-block-id=\"190fbf8\"><h4 class=\"stk-block-heading__text\">Kontakty na skupiny d\u011bt\u00ed a sborovnu<\/h4><\/div>\n\n\n\n<div class=\"wp-block-stackable-icon stk-block-icon stk-block stk-6817e2d\" data-block-id=\"6817e2d\"><span class=\"stk--svg-wrapper\"><div class=\"stk--inner-svg\"><svg style=\"height:0;width:0\"><defs><linearGradient id=\"linear-gradient-6817e2d\" x1=\"0\" x2=\"100%\" y1=\"0\" y2=\"0\"><stop offset=\"0%\" style=\"stop-opacity:1;stop-color:var(--linear-gradient-6817-e-2-d-color-1)\"><\/stop><stop offset=\"100%\" style=\"stop-opacity:1;stop-color:var(--linear-gradient-6817-e-2-d-color-2)\"><\/stop><\/linearGradient><\/defs><\/svg><svg data-prefix=\"fas\" data-icon=\"chevron-down\" class=\"svg-inline--fa fa-chevron-down fa-w-14\" xmlns=\"http:\/\/www.w3.org\/2000\/svg\" viewBox=\"0 0 448 512\" aria-hidden=\"true\" width=\"32\" height=\"32\"><path fill=\"currentColor\" d=\"M207.029 381.476L12.686 187.132c-9.373-9.373-9.373-24.569 0-33.941l22.667-22.667c9.357-9.357 24.522-9.375 33.901-.04L224 284.505l154.745-154.021c9.379-9.335 24.544-9.317 33.901.04l22.667 22.667c9.373 9.373 9.373 24.569 0 33.941L240.971 381.476c-9.373 9.372-24.569 9.372-33.942 0z\"><\/path><\/svg><\/div><\/span><\/div>\n<\/div><\/div>\n<\/div><\/div><\/summary>\n\n\n\n<div class=\"wp-block-stackable-column stk-block-column stk-column stk-block stk-82e1e19 stk-block-accordion__content\" data-v=\"4\" data-block-id=\"82e1e19\"><div class=\"stk-column-wrapper stk-block-column__content stk-container stk-82e1e19-container stk--no-background stk--no-padding\"><div class=\"stk-block-content stk-inner-blocks stk-82e1e19-inner-blocks\">\n<h5 class=\"wp-block-heading\"><span style=\"color: #0693e3;\" class=\"stk-highlight\">Skupina 1 \u2013 modr\u00e1<\/span><\/h5>\n\n\n\n<div class=\"wp-block-stackable-text stk-block-text stk-block stk-9580277\" data-block-id=\"9580277\"><p class=\"stk-block-text__text\">tel.: 730 874 791<\/p><\/div>\n\n\n\n<h5 class=\"wp-block-heading\"><br><span style=\"color: #00d084;\" class=\"stk-highlight\">Skupina 2 \u2013 zelen\u00e1<\/span><\/h5>\n\n\n\n<div class=\"wp-block-stackable-text stk-block-text stk-block stk-0465162\" data-block-id=\"0465162\"><p class=\"stk-block-text__text\">tel.: 730 874 792<\/p><\/div>\n\n\n\n<h5 class=\"wp-block-heading\"><br><span style=\"color: #abb8c3;\" class=\"stk-highlight\">Skupina 3 \u2013 \u0161ed\u00e1<\/span><\/h5>\n\n\n\n<div class=\"wp-block-stackable-text stk-block-text stk-block stk-f7237d1\" data-block-id=\"f7237d1\"><p class=\"stk-block-text__text\">tel.: 730 874 793<\/p><\/div>\n\n\n\n<h5 class=\"wp-block-heading\"><br><span style=\"color: var(--theme-palette-color-1, #ffcd05);\" class=\"stk-highlight\">Skupina 4 \u2013 \u017elut\u00e1<\/span><\/h5>\n\n\n\n<div class=\"wp-block-stackable-text stk-block-text stk-block stk-e2c9795\" data-block-id=\"e2c9795\"><p class=\"stk-block-text__text\">tel.: 730 874 794<\/p><\/div>\n\n\n\n<h5 class=\"wp-block-heading\"><br><span style=\"color: #cf2e2e;\" class=\"stk-highlight\">Skupina 5 \u2013 \u010derven\u00e1<\/span><\/h5>\n\n\n\n<div class=\"wp-block-stackable-text stk-block-text stk-block stk-5666a18\" data-block-id=\"5666a18\"><p class=\"stk-block-text__text\">tel.: 730 874 795<\/p><\/div>\n\n\n\n<h5 class=\"wp-block-heading\"><br><span style=\"color: #fcb900;\" class=\"stk-highlight\">Skupina 6 \u2013 oran\u017eov\u00e1<\/span><\/h5>\n\n\n\n<div class=\"wp-block-stackable-text stk-block-text stk-block stk-ea59078\" data-block-id=\"ea59078\"><p class=\"stk-block-text__text\">tel.: 730 874 796<\/p><\/div>\n\n\n\n<h5 class=\"wp-block-heading\"><br><strong>Sborovna <\/strong><\/h5>\n\n\n\n<div class=\"wp-block-stackable-text stk-block-text stk-block stk-b624ef7\" data-block-id=\"b624ef7\"><p class=\"stk-block-text__text\">tel.: 730 874 789<\/p><\/div>\n<\/div><\/div><\/div>\n<\/details>\n","protected":false},"excerpt":{"rendered":"<p>N\u00e1zev \u0161kolsk\u00e9ho za\u0159\u00edzen\u00ed: V\u00fdchovn\u00fd \u00fastav, st\u0159edn\u00ed \u0161kola a \u0161koln\u00ed j\u00eddelna Vi\u0161\u0148ov\u00e9, Z\u00e1mek 1 Adresa: Vi\u0161\u0148ov\u00e9 1, 671 38I\u010cO: 49 438 921Z\u0159izovatel: Ministerstvo \u0161kolstv\u00ed, ml\u00e1de\u017ee a t\u011blov\u00fdchovy,&nbsp;Karmelitsk\u00e1 7, Praha 1 \u2013 Mal\u00e1 Strana, 118 12 \u0158editel: Mgr. Vladim\u00edr Korek Bankovn\u00ed spojen\u00ed: &nbsp; \u010cNB \u010d.\u00fa.:&nbsp;35638741\/0710 Datov\u00e1 schr\u00e1nka : crbjrkk e-mail:&nbsp;&nbsp;info@vuvisnove.cz e-mail pro vy\u0159izov\u00e1n\u00ed st\u00ed\u017enost\u00ed: stiznosti@vuvisnove.cz Vedouc\u00ed vychovatel [&hellip;]<\/p>\n","protected":false},"author":1,"featured_media":3145,"parent":0,"menu_order":0,"comment_status":"closed","ping_status":"closed","template":"","meta":{"footnotes":""},"blocksy_meta":[],"featured_image_urls":{"full":["https:\/\/www.vuvisnove.cz\/wp-content\/uploads\/kontakt-ikony.png",1920,551,false],"thumbnail":["https:\/\/www.vuvisnove.cz\/wp-content\/uploads\/kontakt-ikony-150x150.png",150,150,true],"medium":["https:\/\/www.vuvisnove.cz\/wp-content\/uploads\/kontakt-ikony-300x86.png",300,86,true],"medium_large":["https:\/\/www.vuvisnove.cz\/wp-content\/uploads\/kontakt-ikony-768x220.png",768,220,true],"large":["https:\/\/www.vuvisnove.cz\/wp-content\/uploads\/kontakt-ikony-1024x294.png",1024,294,true],"1536x1536":["https:\/\/www.vuvisnove.cz\/wp-content\/uploads\/kontakt-ikony-1536x441.png",1536,441,true],"2048x2048":["https:\/\/www.vuvisnove.cz\/wp-content\/uploads\/kontakt-ikony.png",1920,551,false]},"post_excerpt_stackable":"<p>N\u00e1zev \u0161kolsk\u00e9ho za\u0159\u00edzen\u00ed: V\u00fdchovn\u00fd \u00fastav, st\u0159edn\u00ed \u0161kola a \u0161koln\u00ed j\u00eddelna Vi\u0161\u0148ov\u00e9, Z\u00e1mek 1 Adresa: Vi\u0161\u0148ov\u00e9 1, 671 38I\u010cO: 49 438 921Z\u0159izovatel: Ministerstvo \u0161kolstv\u00ed, ml\u00e1de\u017ee a t\u011blov\u00fdchovy,&nbsp;Karmelitsk\u00e1 7, Praha 1 \u2013 Mal\u00e1 Strana, 118 12 \u0158editel: Mgr. Vladim\u00edr Korek Bankovn\u00ed spojen\u00ed: &nbsp; \u010cNB \u010d.\u00fa.:&nbsp;35638741\/0710 Datov\u00e1 schr\u00e1nka : crbjrkk e-mail:&nbsp;&nbsp;info@vuvisnove.cz e-mail pro vy\u0159izov\u00e1n\u00ed st\u00ed\u017enost\u00ed: stiznosti@vuvisnove.cz Vedouc\u00ed vychovatel Bc. Ji\u0159\u00ed Cakl tel.: 602 654 488 e-mail: j.cakl@vuvisnove.cz Z\u00e1stupce \u0159editele\/vedouc\u00ed u\u010ditel Mgr. Vladim\u00edr Hejlek tel.: &nbsp;607 023 508 e-mail: v.hejlek@vuvisnove.cz \u0158editel &#8211; statut\u00e1rn\u00ed org\u00e1n Mgr. Vladim\u00edr Korek tel.: 702 012 064 e-mail: vladimir.korek@vuvisnove.cz Etoped\/speci\u00e1ln\u00ed pedagog Mgr. Kl\u00e1ra Ot\u0159\u00edsalov\u00e1 tel.: 730 874 790 e-mail: k.otrisalova@vuvisnove.cz&hellip;<\/p>\n","category_list":"","author_info":{"name":"admin","url":"https:\/\/www.vuvisnove.cz\/?author=1"},"comments_num":"0 comments","featured_image_urls_v2":{"full":["https:\/\/www.vuvisnove.cz\/wp-content\/uploads\/kontakt-ikony.png",1920,551,false],"thumbnail":["https:\/\/www.vuvisnove.cz\/wp-content\/uploads\/kontakt-ikony-150x150.png",150,150,true],"medium":["https:\/\/www.vuvisnove.cz\/wp-content\/uploads\/kontakt-ikony-300x86.png",300,86,true],"medium_large":["https:\/\/www.vuvisnove.cz\/wp-content\/uploads\/kontakt-ikony-768x220.png",768,220,true],"large":["https:\/\/www.vuvisnove.cz\/wp-content\/uploads\/kontakt-ikony-1024x294.png",1024,294,true],"1536x1536":["https:\/\/www.vuvisnove.cz\/wp-content\/uploads\/kontakt-ikony-1536x441.png",1536,441,true],"2048x2048":["https:\/\/www.vuvisnove.cz\/wp-content\/uploads\/kontakt-ikony.png",1920,551,false]},"post_excerpt_stackable_v2":"<p>N\u00e1zev \u0161kolsk\u00e9ho za\u0159\u00edzen\u00ed: V\u00fdchovn\u00fd \u00fastav, st\u0159edn\u00ed \u0161kola a \u0161koln\u00ed j\u00eddelna Vi\u0161\u0148ov\u00e9, Z\u00e1mek 1 Adresa: Vi\u0161\u0148ov\u00e9 1, 671 38I\u010cO: 49 438 921Z\u0159izovatel: Ministerstvo \u0161kolstv\u00ed, ml\u00e1de\u017ee a t\u011blov\u00fdchovy,&nbsp;Karmelitsk\u00e1 7, Praha 1 \u2013 Mal\u00e1 Strana, 118 12 \u0158editel: Mgr. Vladim\u00edr Korek Bankovn\u00ed spojen\u00ed: &nbsp; \u010cNB \u010d.\u00fa.:&nbsp;35638741\/0710 Datov\u00e1 schr\u00e1nka : crbjrkk e-mail:&nbsp;&nbsp;info@vuvisnove.cz e-mail pro vy\u0159izov\u00e1n\u00ed st\u00ed\u017enost\u00ed: stiznosti@vuvisnove.cz Vedouc\u00ed vychovatel Bc. Ji\u0159\u00ed Cakl tel.: 602 654 488 e-mail: j.cakl@vuvisnove.cz Z\u00e1stupce \u0159editele\/vedouc\u00ed u\u010ditel Mgr. Vladim\u00edr Hejlek tel.: &nbsp;607 023 508 e-mail: v.hejlek@vuvisnove.cz \u0158editel &#8211; statut\u00e1rn\u00ed org\u00e1n Mgr. Vladim\u00edr Korek tel.: 702 012 064 e-mail: vladimir.korek@vuvisnove.cz Etoped\/speci\u00e1ln\u00ed pedagog Mgr. Kl\u00e1ra Ot\u0159\u00edsalov\u00e1 tel.: 730 874 790 e-mail: k.otrisalova@vuvisnove.cz&hellip;<\/p>\n","category_list_v2":"","author_info_v2":{"name":"admin","url":"https:\/\/www.vuvisnove.cz\/?author=1"},"comments_num_v2":"0 comments","_links":{"self":[{"href":"https:\/\/www.vuvisnove.cz\/index.php?rest_route=\/wp\/v2\/pages\/2167"}],"collection":[{"href":"https:\/\/www.vuvisnove.cz\/index.php?rest_route=\/wp\/v2\/pages"}],"about":[{"href":"https:\/\/www.vuvisnove.cz\/index.php?rest_route=\/wp\/v2\/types\/page"}],"author":[{"embeddable":true,"href":"https:\/\/www.vuvisnove.cz\/index.php?rest_route=\/wp\/v2\/users\/1"}],"replies":[{"embeddable":true,"href":"https:\/\/www.vuvisnove.cz\/index.php?rest_route=%2Fwp%2Fv2%2Fcomments&post=2167"}],"version-history":[{"count":34,"href":"https:\/\/www.vuvisnove.cz\/index.php?rest_route=\/wp\/v2\/pages\/2167\/revisions"}],"predecessor-version":[{"id":3319,"href":"https:\/\/www.vuvisnove.cz\/index.php?rest_route=\/wp\/v2\/pages\/2167\/revisions\/3319"}],"wp:featuredmedia":[{"embeddable":true,"href":"https:\/\/www.vuvisnove.cz\/index.php?rest_route=\/wp\/v2\/media\/3145"}],"wp:attachment":[{"href":"https:\/\/www.vuvisnove.cz\/index.php?rest_route=%2Fwp%2Fv2%2Fmedia&parent=2167"}],"curies":[{"name":"wp","href":"https:\/\/api.w.org\/{rel}","templated":true}]}}